{"id":620,"date":"2026-02-19T20:03:07","date_gmt":"2026-02-19T20:03:07","guid":{"rendered":"https:\/\/szabolcsveresmart.reformatus.hu\/?page_id=620"},"modified":"2026-02-19T20:03:59","modified_gmt":"2026-02-19T20:03:59","slug":"koszontjuk-a-latogatot","status":"publish","type":"page","link":"https:\/\/szabolcsveresmart.reformatus.hu\/","title":{"rendered":"K\u00f6sz\u00f6ntj\u00fck a l\u00e1togat\u00f3t!"},"content":{"rendered":"\n<figure class=\"wp-block-image size-large\"><img fetchpriority=\"high\" decoding=\"async\" width=\"1024\" height=\"374\" src=\"https:\/\/szabolcsveresmart.reformatus.hu\/wp-content\/uploads\/2020\/06\/gyuli-1024x374.jpg\" alt=\"Gy\u00fclekezet\u00fcnk tagjai\" class=\"wp-image-168\" srcset=\"https:\/\/szabolcsveresmart.reformatus.hu\/wp-content\/uploads\/2020\/06\/gyuli-1024x374.jpg 1024w, https:\/\/szabolcsveresmart.reformatus.hu\/wp-content\/uploads\/2020\/06\/gyuli-300x110.jpg 300w, https:\/\/szabolcsveresmart.reformatus.hu\/wp-content\/uploads\/2020\/06\/gyuli-768x281.jpg 768w, https:\/\/szabolcsveresmart.reformatus.hu\/wp-content\/uploads\/2020\/06\/gyuli.jpg 1453w\" sizes=\"(max-width: 1024px) 100vw, 1024px\" \/><\/figure>\n\n\n\n<p>A reform\u00e1tus gy\u00fclekezetekhez hasonl\u00f3an a mi k\u00f6z\u00f6ss\u00e9g\u00fcnk is a Magyar Reform\u00e1tus Egyh\u00e1z gy\u00fclekezete. Gy\u00fclekezet\u00fcnk t\u00f6rt\u00e9net\u00e9b\u0151l kider\u00fcl, hogy a reform\u00e1ci\u00f3t k\u00f6vet\u0151en eg\u00e9szen kor\u00e1n, 1601 \u00f3ta van reform\u00e1tus k\u00f6z\u00f6ss\u00e9g a telep\u00fcl\u00e9sen.<\/p>\n\n\n\n<p>A gy\u00fclekezet m\u00faltj\u00e1t tekintve t\u00f6bb \u00e1ldott, szolg\u00e1l\u00f3 testv\u00e9rt adott a egyh\u00e1zunknak. Az \u00darnak h\u00e1la: \u00e1ld\u00e1sos m\u00falttal rendelkez\u0151 k\u00f6z\u00f6ss\u00e9g a szabolcsveresmarti.<\/p>\n\n\n\n<p>A gy\u00fclekezet jelene az evang\u00e9lium \u00f6r\u00f6m\u00fczenet\u00e9nek sokf\u00e9le meghirdet\u00e9s\u00e9nek jegy\u00e9ben t\u00f6rt\u00e9nik. Megragadva a kor lehet\u0151s\u00e9geit, min\u00e9l sz\u00e9lesebb k\u00f6rben szeretn\u00e9nk hirdetni J\u00e9zus parancsa szerint a b\u0171nbocs\u00e1nat, az \u00f6r\u00f6k \u00e9let \u00fczenet\u00e9t \u00e9s az utat J\u00e9zus Krisztus \u00e1ltal a gy\u0151zelmes \u00e9letre. Honlapunk men\u00fcpontjaiban is megjelenik az a t\u00e1rsadalom fel\u00e9 k\u00e9pviselt sokf\u00e9le szolg\u00e1lat, mely alkalmat k\u00edn\u00e1l mindenf\u00e9le ember sz\u00e1m\u00e1ra a hitben val\u00f3 elindul\u00e1sra, az abban val\u00f3 \u00e9p\u00fcl\u00e9sre \u00e9s megmarad\u00e1sra.<\/p>\n\n\n\n<p>Az esztend\u0151 \u00e1lland\u00f3 alkalmai k\u00f6z\u00e9 tartoznak a gyermek-, ifj\u00fas\u00e1gi alkalmak, biblia\u00f3r\u00e1k, vas\u00e1rnapi istentiszteletek. Ezeket eg\u00e9sz\u00edtik ki a fel\u00faj\u00edtott gy\u00fclekezeti h\u00e1z, mint IKSZT H\u00e1z programjai, valamint a szoci\u00e1lis szolg\u00e1lat \u00e1ltal ny\u00fajtott programok.<\/p>\n\n\n\n<p>K\u00e9rj\u00fck a men\u00fcpontokban \u00e9s a sz\u00f6veges hivatkoz\u00e1sokban k\u00f6vesse nyomon szolg\u00e1latunkat. Honlapunk folyamatos b\u0151v\u00edt\u00e9s alatt \u00e1ll, ez\u00e9rt b\u00e1tran l\u00e1togasson vissza honlapunkra az \u00faj tartalmak\u00e9rt!<\/p>\n","protected":false},"excerpt":{"rendered":"<p>A reform\u00e1tus gy\u00fclekezetekhez hasonl\u00f3an a mi k\u00f6z\u00f6ss\u00e9g\u00fcnk is a Magyar Reform\u00e1tus Egyh\u00e1z gy\u00fclekezete. Gy\u00fclekezet\u00fcnk t\u00f6rt\u00e9net\u00e9b\u0151l kider\u00fcl, hogy a reform\u00e1ci\u00f3t k\u00f6vet\u0151en eg\u00e9szen kor\u00e1n, 1601 \u00f3ta van reform\u00e1tus k\u00f6z\u00f6ss\u00e9g a telep\u00fcl\u00e9sen. A gy\u00fclekezet m\u00faltj\u00e1t tekintve t\u00f6bb \u00e1ldott, szolg\u00e1l\u00f3 testv\u00e9rt adott a egyh\u00e1zunknak. Az \u00darnak h\u00e1la: \u00e1ld\u00e1sos m\u00falttal rendelkez\u0151 k\u00f6z\u00f6ss\u00e9g a szabolcsveresmarti. A gy\u00fclekezet jelene az evang\u00e9lium \u00f6r\u00f6m\u00fczenet\u00e9nek&#8230;<\/p>\n","protected":false},"author":1,"featured_media":0,"parent":0,"menu_order":0,"comment_status":"closed","ping_status":"closed","template":"","meta":{"saved_in_kubio":false,"episode_type":"","audio_file":"","cover_image":"","cover_image_id":"","duration":"","filesize":"","date_recorded":"","explicit":"","block":"","filesize_raw":"","footnotes":""},"class_list":["post-620","page","type-page","status-publish","hentry"],"kubio_ai_page_context":{"short_desc":"","purpose":"general"},"_links":{"self":[{"href":"https:\/\/szabolcsveresmart.reformatus.hu\/index.php?rest_route=\/wp\/v2\/pages\/620","targetHints":{"allow":["GET"]}}],"collection":[{"href":"https:\/\/szabolcsveresmart.reformatus.hu\/index.php?rest_route=\/wp\/v2\/pages"}],"about":[{"href":"https:\/\/szabolcsveresmart.reformatus.hu\/index.php?rest_route=\/wp\/v2\/types\/page"}],"author":[{"embeddable":true,"href":"https:\/\/szabolcsveresmart.reformatus.hu\/index.php?rest_route=\/wp\/v2\/users\/1"}],"replies":[{"embeddable":true,"href":"https:\/\/szabolcsveresmart.reformatus.hu\/index.php?rest_route=%2Fwp%2Fv2%2Fcomments&post=620"}],"version-history":[{"count":4,"href":"https:\/\/szabolcsveresmart.reformatus.hu\/index.php?rest_route=\/wp\/v2\/pages\/620\/revisions"}],"predecessor-version":[{"id":624,"href":"https:\/\/szabolcsveresmart.reformatus.hu\/index.php?rest_route=\/wp\/v2\/pages\/620\/revisions\/624"}],"wp:attachment":[{"href":"https:\/\/szabolcsveresmart.reformatus.hu\/index.php?rest_route=%2Fwp%2Fv2%2Fmedia&parent=620"}],"curies":[{"name":"wp","href":"https:\/\/api.w.org\/{rel}","templated":true}]}}

Köszöntjük a látogatót!

<figure class="wp-block-image size-large"><img fetchpriority="high" decoding="async" width="1024" height="374" src="https://szabolcsveresmart.reformatus.hu/wp-content/uploads/2020/06/gyuli-1024x374.jpg" alt="Gyülekezetünk tagjai" class="wp-image-168" srcset="https://szabolcsveresmart.reformatus.hu/wp-content/uploads/2020/06/gyuli-1024x374.jpg 1024w, https://szabolcsveresmart.reformatus.hu/wp-content/uploads/2020/06/gyuli-300x110.jpg 300w, https://szabolcsveresmart.reformatus.hu/wp-content/uploads/2020/06/gyuli-768x281.jpg 768w, https://szabolcsveresmart.reformatus.hu/wp-content/uploads/2020/06/gyuli.jpg 1453w" sizes="(max-width: 1024px) 100vw, 1024px" /></figure>



<p>A református gyülekezetekhez hasonlóan a mi közösségünk is a Magyar Református Egyház gyülekezete. Gyülekezetünk történetéből kiderül, hogy a reformációt követően egészen korán, 1601 óta van református közösség a településen.</p>



<p>A gyülekezet múltját tekintve több áldott, szolgáló testvért adott a egyházunknak. Az Úrnak hála: áldásos múlttal rendelkező közösség a szabolcsveresmarti.</p>



<p>A gyülekezet jelene az evangélium örömüzenetének sokféle meghirdetésének jegyében történik. Megragadva a kor lehetőségeit, minél szélesebb körben szeretnénk hirdetni Jézus parancsa szerint a bűnbocsánat, az örök élet üzenetét és az utat Jézus Krisztus által a győzelmes életre. Honlapunk menüpontjaiban is megjelenik az a társadalom felé képviselt sokféle szolgálat, mely alkalmat kínál mindenféle ember számára a hitben való elindulásra, az abban való épülésre és megmaradásra.</p>



<p>Az esztendő állandó alkalmai közé tartoznak a gyermek-, ifjúsági alkalmak, bibliaórák, vasárnapi istentiszteletek. Ezeket egészítik ki a felújított gyülekezeti ház, mint IKSZT Ház programjai, valamint a szociális szolgálat által nyújtott programok.</p>



<p>Kérjük a menüpontokban és a szöveges hivatkozásokban kövesse nyomon szolgálatunkat. Honlapunk folyamatos bővítés alatt áll, ezért bátran látogasson vissza honlapunkra az új tartalmakért!</p>

<p>A református gyülekezetekhez hasonlóan a mi közösségünk is a Magyar Református Egyház gyülekezete. Gyülekezetünk történetéből kiderül, hogy a reformációt követően egészen korán, 1601 óta van református közösség a településen. A gyülekezet múltját tekintve több áldott, szolgáló testvért adott a egyházunknak. Az Úrnak hála: áldásos múlttal rendelkező közösség a szabolcsveresmarti. A gyülekezet jelene az evangélium örömüzenetének&#8230;</p>
